2f9151
In base 10, what is -5 - 23100?
-23105
In base 12, what is 426 - -83?
4a9
In base 3, what is -1122 + 20110?
11211
In base 9, what is 1170016 + -6?
1170010
In base 4, what is -1302 - 10011?
-11313
In base 3, what is 2221112 + -1100121?
1120221
In base 7, what is 1131 - 30051?
-25620
In base 14, what is -570 + 38?
-536
In base 6, what is -244153 + 143?
-244010
In base 4, what is -2220321 + 12?
-2220303
In base 8, what is 3225 + 1403?
4630
In base 2, what is -10001 + 10001011000000?
10001010101111
In base 4, what is -22232011 - -1?
-22232010
In base 12, what is -2 - -424b?
4249
In base 7, what is -33242 + 44?
-33165
In base 4, what is 3 - -23011121?
23011130
In base 11, what is -1401 + 25?
-1387
In base 4, what is 11121332011 - 0?
11121332011
In base 2, what is 100100 - 10101110001?
-10101001101
In base 2, what is -11 + 11010001111110100?
11010001111110001
In base 11, what is -68 - 541a4?
-54261
In base 11, what is -4 + 9956?
9952
In base 10, what is 30 + 6161?
6191
In base 8, what is -12 + -1376?
-1410
In base 15, what is d442c - 3?
d4429
In base 10, what is -671 + 826?
155
In base 4, what is 2232200 - -11?
2232211
In base 7, what is -3 - -242531?
242525
In base 12, what is -3 + -9405a?
-94061
In base 5, what is 1 - -112011?
112012
In base 5, what is 1014442 - 1?
1014441
In base 7, what is -360516 + -10?
-360526
In base 2, what is 1000000100011000110 - -100?
1000000100011001010
In base 11, what is 1702 - 68a?
1023
In base 9, what is -4 + -1424813?
-1424817
In base 6, what is -12 - 31201?
-31213
In base 2, what is 110000 + 10011100011100?
10011101001100
In base 4, what is -13 + -221001000?
-221001013
In base 14, what is -13c - -10?
-12c
In base 7, what is -4241 - -1021?
-3220
In base 9, what is 4 - 318167?
-318163
In base 13, what is 9 + -29ac7?
-29abb
In base 12, what is -4 - 559?
-561
In base 7, what is -10 + 2435134?
2435124
In base 9, what is 43 - 1467?
-1424
In base 5, what is -22 - -23233?
23211
In base 8, what is 4 + -76765?
-76761
In base 14, what is 828 - -121?
949
In base 2, what is 100001 + 101011011111010?
101011100011011
In base 12, what is 13589 - 28?
13561
In base 10, what is -22586 + -1?
-22587
In base 8, what is 1040 - -1304?
2344
In base 5, what is -343141 - -123?
-343013
In base 14, what is d16 + -bdc?
118
In base 15, what is -11a0 - -1?
-119e
In base 3, what is -210120 + 1?
-210112
In base 5, what is 2 + 3144?
3201
In base 8, what is 1056764 - -4?
1056770
In base 9, what is 756360 + -4?
756355
In base 7, what is 200 + 550?
1050
In base 4, what is -1203132 - 123?
-1203321
In base 10, what is 988616 + -4?
988612
In base 9, what is -11070 + 28?
-11041
In base 14, what is d + a65c?
a66b
In base 8, what is 2312 + 1670?
4202
In base 10, what is -31699 - -2?
-31697
In base 14, what is 408d6 + b?
40903
In base 7, what is -2640112 - 2?
-2640114
In base 13, what is 23a + -1a0?
6a
In base 4, what is 0 + -3003333?
-3003333
In base 4, what is 13103000 + 111?
13103111
In base 14, what is 4 - 2407?
-2403
In base 2, what is 1000100011000000010 - -11?
1000100011000000101
In base 16, what is 0 + -1df8?
-1df8
In base 4, what is -21310 + -12?
-21322
In base 6, what is -105 - 42002?
-42111
In base 13, what is 1 - 58aa?
-58a9
In base 3, what is -22011122 - -111012?
-21200110
In base 12, what is 22 - 7941?
-791b
In base 9, what is 4804 - -141?
5045
In base 15, what is 2 - 351d?
-351b
In base 2, what is -11100000110101010 + -110?
-11100000110110000
In base 6, what is 304 + -155341?
-155033
In base 15, what is -61a - -b8?
-552
In base 6, what is 25344252 + 4?
25344300
In base 6, what is -100220 - -3001?
-53215
In base 9, what is 1487676 - 1?
1487675
In base 9, what is 0 - 1302274?
-1302274
In base 10, what is 22 + -223796?
-223774
In base 11, what is -584 + 1441?
968
In base 8, what is 7713 + -3?
7710
In base 9, what is 56 + -10643?
-10576
In base 10, what is -59491 - 4?
-59495
In base 8, what is -17226 - -434?
-16572
In base 3, what is -12 - 10211122?
-10211211
In base 9, what is 4412368 + 5?
4412374
In base 3, what is 2 - -11102000010?
11102000012
In base 8, what is -16 + -103261?
-103277
In base 6, what is 4 + -2251513?
-2251505
In base 7, what is -51 - 125342?
-125423
In base 14, what is -71d5 - 31?
-7226
In base 15, what is 108 + -282?
-179
In base 6, what is -313323 + 122?
-313201
In base 7, what is -15240 - -336?
-14601
In base 14, what is 1a - -dd?
119
In base 4, what is 101 - -101102123?
101102230
In base 12, what is 8647 - -16?
8661
In base 10, what is 48 + -561?
-513
In base 5, what is -1003 - 303?
-1311
In base 7, what is 2612 + -55?
2524
In base 2, what is -1110011010100 - -100000?
-1110010110100
In base 7, what is -663 + 14654?
13661
In base 14, what is 2 - -1c21a?
1c21c
In base 3, what is -11 + 1000200100020?
1000200100002
In base 2, what is -1010001011100111 + -101?
-1010001011101100
In base 5, what is 41104 + -1132?
34422
In base 13, what is 261 - -3aa?
63b
In base 2, what is -1001 - 111100110100?
-111100111101
In base 7, what is -6102 - 126?
-6231
In base 12, what is 8 + 976?
982
In base 4, what is 103100 - 23?
103011
In base 8, what is -1 - 567225?
-567226
In base 7, what is 54230 + 5?
54235
In base 8, what is -16 + -452233?
-452251
In base 7, what is 0 + -212325?
-212325
In base 3, what is -121 - -10102121112?
10102120221
In base 10, what is 21580 + 3?
21583
In base 10, what is -817 + 4?
-813
In base 7, what is 151046 - -101?
151150
In base 8, what is -124 - 1513?
-1637
In base 5, what is 123413424 + 0?
123413424
In base 2, what is 111 + -1100010100111?
-1100010100000
In base 14, what is -8a + -a2?
-14c
In base 7, what is -5 + 253004?
252666
In base 16, what is 249 + -490?
-247
In base 6, what is 1315 + 252?
2011
In base 3, what is 2102 + -122121?
-120012
In base 8, what is 5 + 12014?
12021
In base 15, what is 2 - -1e74?
1e76
In base 2, what is 0 - 1111011001100001?
-1111011001100001
In base 8, what is -1404400 + -2?
-1404402
In base 9, what is 70704 - -2?
70706
In base 4, what is -10 + -3310002?
-3310012
In base 11, what is 5 - -a728?
a732
In base 13, what is 0 - -29c53?
29c53
In base 10, what is 685 + -13?
672
In base 16, what is 3 + -1aab8d?
-1aab8a
In base 15, what is -149 + -59e?
-6e8
In base 2, what is -1001011100101100000 - 1?
-1001011100101100001
In base 15, what is -4e77 + -1c?
-4e94
In base 7, what is -125 + -14366?
-14524
In base 7, what is -2640404 + 3?
-2640401
In base 9, what is 3 + -1484?
-1481
In base 5, what is 203434 - 14?
203420
In base 3, what is 20 - -11011121220?
11011122010
In base 4, what is -1 - -2131221113?
2131221112
In base 15, what is 97 + 1bb?
263
In base 16, what is 25 + -e056?
-e031
In base 14, what is 43d0b7 - 3?
43d0b4
In base 11, what is -2093803 - 5?
-2093808
In base 4, what is 32332123201 - 3?
32332123132
In base 4, what is -332 + -3101221?
-3102213
In base 14, what is 1a - c0dc?
-c0c2
In base 8, what is -30 + 655?
625
In base 13, what is -2544 - -a?
-2537
In base 2, what is 11101100110 + 1000000?
11110100110
In base 2, what is 1 - -10001110001011111?
10001110001100000
In base 6, what is 314424 + 12?
314440
In base 12, what is -1b4 - 251?
-445
In base 15, what is 2 - ed81?
-ed7e
In base 8, what is -5 - 110341?
-110346
In base 10, what is 15846899 + -3?
15846896
In base 6, what is -222 - -554?
332
In base 15, what is -88d2 + -57?
-8939
In base 10, what is 3 - 1628048?
-1628045
In base 16, what is ce40 - 0?
ce40
In base 11, what is -171699 + -3?
-1716a1
In base 12, what is -12b + 12a6?
1177
In base 16, what is 12 + 3eb?
3fd
In base 7, what is -652301 + -6?
-652310
In base 3, what is -10 + -2000001110?
-2000001120
In base 8, what is 17275 + 43?
17340
In base 4, what is 31313 + -1310?
30003
In base 11, what is 2a - -3292?
3311
In base 16, what is 68 - -140a?
1472
In base 13, what is -1198 + -a6?
-1271
In base 8, what is 3 - 65402?
-65377
In base 6, what is -202 + 1255?
1053
In base 8, what is -301 + -1140?
-1441
In base 2, what is -1010111 + -101001011?
-110100010
In base 6, what is 3053532 + -4?
3053524
In base 6, what is -102203 - 14?
-102221
In base 7, what is 12 - 10656?
-10644
In base 7, what is -42 + 14113?
14041
In base 11, what is -682a8a8 - -4?
-682a8a4
In base 12, what is 303 - -23?
326
In base 14, what is -1751 - 119?
-186a
In base 3, what is -1100 - 10201120?
-10202220
In bas